ommon divisor of 54 and 388352772.
54
What is the greatest common factor of 280 and 7548240?
280
What is the greatest common divisor of 2257536 and 50944?
128
Calculate the greatest common divisor of 659999905 and 4687.
4687
What is the greatest common factor of 142824625 and 370?
185
Calculate the highest common divisor of 16834 and 48982.
38
What is the highest common factor of 622 and 34791881?
311
Calculate the greatest common divisor of 14190 and 1691620.
430
Calculate the greatest common divisor of 197184 and 5382.
78
What is the highest common factor of 352857358 and 742?
742
What is the highest common factor of 1122 and 220473?
561
What is the highest common factor of 120378129 and 57?
57
What is the highest common factor of 22 and 1978746?
22
Calculate the greatest common divisor of 342 and 2974061412.
342
Calculate the greatest common divisor of 2620 and 10214740.
20
Calculate the greatest common factor of 4812 and 1427961.
1203
What is the greatest common factor of 3257070 and 45904?
302
What is the highest common divisor of 2528 and 339808?
32
What is the highest common factor of 40131 and 372827?
91
Calculate the greatest common factor of 168645 and 855.
15
What is the highest common factor of 1764 and 5231632?
196
What is the greatest common divisor of 97188800 and 64?
64
What is the greatest common divisor of 901139369 and 1066?
533
What is the highest common factor of 19087632 and 4?
4
Calculate the highest common factor of 796794 and 8023003.
3239
Calculate the highest common divisor of 81834 and 2053302.
138
What is the highest common divisor of 12970 and 268479?
1297
What is the highest common factor of 7569285 and 615?
15
Calculate the highest common divisor of 4 and 14646562.
2
Calculate the highest common divisor of 9123906 and 354.
6
What is the highest common factor of 1875655 and 6820?
155
What is the highest common factor of 62 and 15140028?
62
What is the greatest common divisor of 7176 and 117975?
39
Calculate the greatest common factor of 148822552 and 1096.
1096
Calculate the highest common divisor of 304489440 and 558.
558
Calculate the highest common divisor of 2441425 and 2425.
25
Calculate the highest common divisor of 77 and 92365119.
77
What is the greatest common factor of 1070 and 101425300?
1070
Calculate the greatest common divisor of 505324872 and 3048.
3048
Calculate the highest common divisor of 1500 and 2814714.
6
What is the highest common divisor of 2986032792 and 58?
58
What is the greatest common divisor of 11 and 1208885513?
11
Calculate the greatest common factor of 1535785 and 35295.
905
Calculate the greatest common divisor of 820 and 53644810.
410
Calculate the highest common factor of 10 and 41576110.
10
Calculate the highest common factor of 400374 and 4963257.
6903
Calculate the greatest common factor of 153704 and 5568.
8
What is the highest common divisor of 526 and 12221347?
263
What is the greatest common divisor of 65261917 and 7693?
1099
Calculate the greatest common divisor of 2552 and 11360866.
638
What is the highest common divisor of 5 and 1224485?
5
What is the greatest common factor of 438325 and 52510?
445
What is the greatest common divisor of 340357 and 16286?
17
What is the highest common factor of 501147788 and 844?
844
Calculate the highest common divisor of 534 and 592067961.
267
Calculate the greatest common divisor of 157261599 and 1647.
549
Calculate the highest common divisor of 89122 and 176.
22
Calculate the greatest common factor of 704633 and 938213.
3893
What is the greatest common factor of 168 and 271674?
6
What is the highest common divisor of 64 and 8581952?
64
Calculate the highest common divisor of 3280 and 120432416.
656
Calculate the greatest common divisor of 410849424 and 108.
36
What is the greatest common factor of 144024 and 43044?
204
Calculate the greatest common factor of 145 and 5445649.
29
Calculate the greatest common factor of 408523174 and 116.
58
Calculate the greatest common divisor of 1383488 and 11136.
64
What is the greatest common divisor of 6 and 516554?
2
Calculate the greatest common factor of 2676 and 11102278.
446
Calculate the greatest common divisor of 2730480 and 133680.
240
What is the greatest common divisor of 44530910 and 25099?
1321
What is the highest common divisor of 13478655 and 105546?
1077
Calculate the highest common factor of 1950 and 10826075.
325
Calculate the highest common divisor of 35972 and 25622.
46
What is the greatest common divisor of 24176 and 11958054?
3022
Calculate the highest common factor of 1464 and 2478552.
1464
What is the highest common factor of 18 and 109374012?
18
Calculate the highest common factor of 9485 and 316680.
35
What is the greatest common factor of 4015 and 70708?
11
What is the highest common divisor of 1756 and 39863834?
878
Calculate the greatest common factor of 1888 and 410336.
32
What is the greatest common divisor of 183 and 3311539269?
183
What is the greatest common factor of 1957482 and 1002?
6
Calculate the highest common factor of 4503 and 1652127.
237
What is the highest common factor of 686 and 269871?
7
Calculate the greatest common divisor of 140 and 9748720.
20
Calculate the highest common divisor of 1325540 and 397280.
3820
What is the highest common divisor of 6375226 and 247?
13
What is the highest common factor of 5792124 and 171765?
1041
What is the greatest common divisor of 2058 and 1516550?
98
Calculate the greatest common factor of 598 and 1244035.
13
Calculate the greatest common factor of 529249 and 45521.
49
What is the highest common factor of 1278 and 7733646?
18
What is the greatest common factor of 75613 and 3513727?
911
Calculate the highest common divisor of 1098 and 108468.
18
What is the highest common divisor of 8126 and 73515444?
478
What is the greatest common divisor of 4625124 and 14364?
84
What is the highest common factor of 79 and 5028271?
79
Calculate the greatest common factor of 3918671 and 20473.
347
What is the greatest common divisor of 561 and 48988203?
561
Calculate the highest common divisor of 19201 and 43521493.
211
What is the greatest common factor of 1135 and 5791451?
227
Calculate the greatest common factor of 1056 and 15475456.
32
What is the greatest common divisor of 16 and 7199760?
16
Calculate the highest common factor of 30252 and 488.
4
What is the highest common divisor of 52364736 and 576?
576
What is the highest common divisor of 2893 and 782958?
11
Calculate the greatest common divisor of 665651530 and 155.
155
Calculate the greatest common divisor of 224 and 12707744.
224
What is the highest common divisor of 824213 and 689?
13
Calculate the greatest common factor of 9456 and 3098022.
1182
Calculate the highest common divisor of 11214 and 30817674.
1602
What is the highest common divisor of 8140780 and 100?
20
What is the highest common factor of 363169715 and 1975?
395
What is the highest common factor of 48593460 and 75?
15
What is the highest common factor of 7473417 and 14?
7
What is the greatest common divisor of 152 and 12700189?
19
What is the highest common divisor of 23580 and 883773684?
4716
What is the highest common divisor of 231768 and 509136?
24
Calculate the greatest common factor of 349491 and 30845283.
3603
Calculate the highest common factor of 53152 and 4067487.
151
Calculate the highest common factor of 1701 and 526122.
27
Calculate the highest common factor of 4454 and 59614563.
2227
What is the greatest common divisor of 11034224 and 1795?
359
Calculate the greatest common divisor of 16802 and 7667674.
542
Calculate the greatest common divisor of 1909248 and 408608.
3616
What is the highest common factor of 960198653 and 1167?
389
Calculate the highest common divisor of 26868160 and 160.
160
Calculate the highest common divisor of 162944 and 16672.
32
Calculate the greatest common divisor of 2677280 and 3364.
116
Calculate the greatest common divisor of 718873585 and 4435.
4435
Calculate the greatest common divisor of 841292809 and 658.
329
What is the highest common factor of 17119 and 183751?
53
What is the highest common factor of 13346 and 1878?
2
Calculate the greatest common factor of 121602904 and 272.
136
Calculate the greatest common divisor of 3922 and 67098.
106
What is 